{"id":42,"date":"2022-08-22T07:22:35","date_gmt":"2022-08-22T07:22:35","guid":{"rendered":"https:\/\/skanaukirzaisk.lt\/?page_id=42"},"modified":"2025-06-26T08:33:41","modified_gmt":"2025-06-26T08:33:41","slug":"slapuku-politika","status":"publish","type":"page","link":"https:\/\/skanaukirzaisk.lt\/index.php\/slapuku-politika\/","title":{"rendered":"Slapuk\u0173 politika"},"content":{"rendered":"<p>Slapuk\u0173 politika<br \/>\n\u0160i Slapuk\u0173 politika taikoma kartu su m\u016bs\u0173 \u017daidimo taisykl\u0117mis, kuriose numatyta, kaip mes renkame ir dalinam\u0117s duomenimis (susipa\u017einti su m\u016bs\u0173 \u017eaidimo taisykl\u0117mis galite \u010dia). \u0160i Slapuk\u0173 politika taikoma slapuk\u0173 naudojimui UAB \u201eSanitex\u201c (toliau \u2013 Sanitex) interneto svetain\u0117je www.skanaukirzaisk.lt (toliau \u2013 Svetain\u0117).<\/p>\n<p>Kas yra slapukai?<\/p>\n<p>Slapukai \u2013 tai tekstiniai failai, kuriuose yra nedaug informacijos, siun\u010diamos \u012f nar\u0161ykl\u0119 ir saugomos J\u016bs\u0173 kompiuteryje, mobiliajame telefone ar kitame \u012frenginyje, kai lankot\u0117s interneto svetain\u0117je. Kiekvien\u0105 kart\u0105 Jums lankantis toje pa\u010dioje interneto svetain\u0117je, slapukai v\u0117l siun\u010dia informacij\u0105 \u012f \u0161i\u0105 svetain\u0119.<\/p>\n<p>Kokio tipo slapukus mes naudojame?<\/p>\n<p>Grie\u017etai privalomi slapukai<br \/>\n\u0160ie slapukai yra b\u016btini tam, kad gal\u0117tum\u0117te nar\u0161yti interneto svetain\u0117je, naudotis ja ir jos funkcijomis.<\/p>\n<p>Funkciniai slapukai<br \/>\nFunkciniai slapukai \u012fra\u0161o informacij\u0105 apie J\u016bs\u0173 pasirinkimus ir leid\u017eia pritaikyti Svetain\u0117s naudojim\u0105 pagal J\u016bs\u0173 poreikius. Sanitex funkcinius slapukus naudoja tam, kad \u012fsimint\u0173 J\u016bs\u0173 pasirinkimus d\u0117l kalbos, \u0161alies ar kit\u0173 nar\u0161ykl\u0117s nuostat\u0173 ir suteikt\u0173 personalizuotas ar patobulintas J\u016bs\u0173 pasirinktas funkcijas, tam, kad kit\u0105 kart\u0105 apsilankius svetain\u0117je Jums nereik\u0117t\u0173 visos \u0161ios informacijos suvesti dar kart\u0105. Pavyzd\u017eiui, Officeday taip pat gali sekti J\u016bs\u0173 nar\u0161ykl\u0117s nuostatas, siekdama tinkamai pavaizduoti Svetain\u0119 J\u016bs\u0173 ekrane. Jei i\u0161trinsite funkcinius slapukus, visi pasirinkimai ar pasirinkti nustatymai nebus i\u0161saugoti tolesni\u0173 apsilankym\u0173 metu.<\/p>\n<p>Statistini\u0173 duomen\u0173 \/ veikim\u0105 gerinantys slapukai<br \/>\n\u0160iuos slapukus Sanitex naudoja informacijos apie tai, kaip lankytojai naudojasi m\u016bs\u0173 Svetaine, rinkimui. \u0160ie statistiniai duomenys suteikia mums informacijos, kaip da\u017enai lankomasi Svetain\u0117je, kiek laiko joje praleid\u017eiama, kaip da\u017enai naudojamasi Svetain\u0117s funkcijomis. Tai leid\u017eia mums tobulinti Svetain\u0117s strukt\u016br\u0105, nar\u0161ym\u0105 joje ir taip, kad nar\u0161ymas Svetain\u0117je b\u016bt\u0173 kaip \u012fmanoma patogesnis vartotojui. Sanitex gali steb\u0117ti, ar J\u016bs susiduriate su kokiomis nors klaidomis, ir nustatyti, kurias Interneto svetain\u0117s dalis reikia koreguoti.<\/p>\n<p>Konkret\u016bs m\u016bs\u0173 naudojami slapukai<\/p>\n<p>Interneto svetain\u0117s lankytoj\u0173 apskaitos ir statistikos slapukai (gat_UA-720518-25; _gid; _ga)<br \/>\n\u0160ie slapukai naudojami rinkti statistinei informacijai apie svetain\u0117s lankomum\u0105. Gauti duomenys naudojami tobulinant svetain\u0119 bei rengiant ataskaitas susijusias su lankomumu. Statistika renkama su \u201eGoogle Analytics\u201c \u012frankiu. Gauti rezultatai yra anoniminiai ir naudojami tik statistikai.<br \/>\nDaugiau informacijos apie Google Analytics.<br \/>\nJei nepageidaujate, jog tokia statistika mums b\u016bt\u0173 siun\u010diama spauskite \u010dia.<\/p>\n<p>Slapukai, b\u016btini interneto svetainei funkcionuoti (cookieconsent_status, wordpress_sec_)<br \/>\nSlapukas cookieconsent_status padeda prisiminti J\u016bs\u0173 pasirinkim\u0105 d\u0117l slapuk\u0173 naudojimo Svetain\u0117je. Slapukas galioja vienerius metus. wordpress_sec_ slapukas skirtas u\u017eregistruoti J\u016bs\u0173 nurodytus duomenis \u017eaidimui. Duomenys saugomi 3 m\u0117nesius po \u017eaidimo pabaigos.<\/p>\n<p>Kokia informacija renkama slapukais?<\/p>\n<p>Norime pabr\u0117\u017eti, jog jokie asmens duomenys, leid\u017eiantys nustatyti J\u016bs\u0173 tapatyb\u0119, n\u0117ra renkami ir bet kokia surinkta informacija yra naudojama tik srauto analiz\u0117s tikslais. M\u016bs\u0173 naudojam\u0173 slapuk\u0173 pagalba renkame \u0161i\u0105 informacij\u0105:<\/p>\n<p>bendras apsilankiusi\u0173 vartotoj\u0173 skai\u010dius;<br \/>\nvartotojo praleistas laikas puslapyje;<br \/>\nvartotoj\u0173 per\u017ei\u016br\u0117tas puslapi\u0173 skai\u010dius \/ skai\u010dius per sesij\u0105;<br \/>\nnauj\u0173 \/ sen\u0173 lankytoj\u0173 santykis;<br \/>\nlankytoj\u0173 lytis bei am\u017eius;<br \/>\nlankytoj\u0173 pom\u0117giai;<br \/>\nkokia nar\u0161ykle buvo aplankytas puslapis, jos versija ir kalba;<br \/>\nvietov\u0117 i\u0161 kurios buvo aplankytas puslapis;<br \/>\ninterneto tiek\u0117jo pavadinimas;<br \/>\n\u012frenginys, kuriuo buvo per\u017ei\u016br\u0117tas puslapis (stacionarus kompiuteris, plan\u0161etinis kompiuteris ar mobilus telefonas);<br \/>\nkokiu b\u016bdu buvo patekta \u012f puslap\u012f (tiesiogiai \u012fra\u0161ius nar\u0161ykl\u0117je internetin\u012f adres\u0105, per paie\u0161kos sistemas (Google, Bing ir kt.), per socialinius tinklus (Facebook, VK ir kt.), per kitas nuorodas.<br \/>\nKaip valdyti slapukus?<\/p>\n<p>Slapukus galite tvarkyti ir (arba) i\u0161trinti savo nuo\u017ei\u016bra paspaud\u0119 \u201cI\u0161trinti slapukus\u201d \u017eaidimo taisykli\u0173 ir slapuk\u0173 politikos puslapiuose arba pasinaudoj\u0119 nar\u0161ykl\u0117s nustatymais. Atminkite, kad i\u0161jung\u0119 slapukus, galite netekti galimyb\u0117s naudotis daugybe funkcij\u0173, kurios taip pat b\u016btinos Interneto svetaini\u0173 veikimui. Jei norite gauti daugiau informacijos apie slapukus, apsilankykite svetain\u0117je www.aboutcookies.org, kurioje pateikta detalesn\u0117 ir nepriklausoma informacijos apie tai, kaip i\u0161jungti slapukus nar\u0161ykl\u0117s parametr\u0173 skiltyje ir kaip pa\u0161alinti J\u016bs\u0173 kompiuteryje jau esan\u010dius slapukus. Jei norite pa\u0161alinti slapukus i\u0161 savo mobiliojo telefono, \u017er. savo telefono naudojimo instrukcij\u0105.<\/p>\n<p>Galiojimas ir pakeitimai<\/p>\n<p>\u0160i slapuk\u0173 politika galioja nuo 2018 m. gegu\u017e\u0117s 25 d. Slapuk\u0173 politikos keitimo atveju mes paskelbsime atnaujint\u0105 jos versij\u0105 savo interneto svetain\u0117se. Slapuk\u0173 politikos pakeitimai ir papildymai \u012fsigalioja nuo j\u0173 paskelbimo interneto svetain\u0117je momento.<\/p>\n<p>EditSlapuk\u0173 politika<\/p>\n","protected":false},"excerpt":{"rendered":"<p>Slapuk\u0173 politika \u0160i Slapuk\u0173 politika taikoma kartu su m\u016bs\u0173 \u017daidimo taisykl\u0117mis, kuriose numatyta, kaip mes renkame ir dalinam\u0117s duomenimis (susipa\u017einti su m\u016bs\u0173 \u017eaidimo taisykl\u0117mis galite \u010dia). \u0160i Slapuk\u0173 politika taikoma slapuk\u0173 naudojimui UAB \u201eSanitex\u201c (toliau \u2013 Sanitex) interneto svetain\u0117je www.skanaukirzaisk.lt (toliau \u2013 Svetain\u0117). Kas yra slapukai? Slapukai \u2013 tai tekstiniai failai, kuriuose yra nedaug informacijos,&hellip; <a class=\"more-link\" href=\"https:\/\/skanaukirzaisk.lt\/index.php\/slapuku-politika\/\">T\u0119skite <span class=\"screen-reader-text\">Slapuk\u0173 politika<\/span> skaitym\u0105<\/a><\/p>\n","protected":false},"author":1,"featured_media":0,"parent":0,"menu_order":0,"comment_status":"closed","ping_status":"closed","template":"","meta":[],"_links":{"self":[{"href":"https:\/\/skanaukirzaisk.lt\/index.php\/wp-json\/wp\/v2\/pages\/42"}],"collection":[{"href":"https:\/\/skanaukirzaisk.lt\/index.php\/wp-json\/wp\/v2\/pages"}],"about":[{"href":"https:\/\/skanaukirzaisk.lt\/index.php\/wp-json\/wp\/v2\/types\/page"}],"author":[{"embeddable":true,"href":"https:\/\/skanaukirzaisk.lt\/index.php\/wp-json\/wp\/v2\/users\/1"}],"replies":[{"embeddable":true,"href":"https:\/\/skanaukirzaisk.lt\/index.php\/wp-json\/wp\/v2\/comments?post=42"}],"version-history":[{"count":2,"href":"https:\/\/skanaukirzaisk.lt\/index.php\/wp-json\/wp\/v2\/pages\/42\/revisions"}],"predecessor-version":[{"id":141,"href":"https:\/\/skanaukirzaisk.lt\/index.php\/wp-json\/wp\/v2\/pages\/42\/revisions\/141"}],"wp:attachment":[{"href":"https:\/\/skanaukirzaisk.lt\/index.php\/wp-json\/wp\/v2\/media?parent=42"}],"curies":[{"name":"wp","href":"https:\/\/api.w.org\/{rel}","templated":true}]}}